{"id":418,"date":"2020-08-24T07:36:39","date_gmt":"2020-08-24T07:36:39","guid":{"rendered":"https:\/\/www.dtifcwroclaw.pl\/staging\/events\/"},"modified":"2024-09-28T13:02:10","modified_gmt":"2024-09-28T13:02:10","slug":"kim-jestesmy","status":"publish","type":"page","link":"https:\/\/www.dtifcwroclaw.pl\/staging\/kim-jestesmy\/","title":{"rendered":"Kim jeste\u015bmy"},"content":{"rendered":"\n<div class=\"wp-block-uagb-container uagb-block-865c9458 alignfull uagb-is-root-container\"><div class=\"uagb-container-inner-blocks-wrap\">\n<div class=\"wp-block-uagb-container uagb-block-29f2eda7\">\n<div class=\"wp-block-uagb-advanced-heading uagb-block-b24b17bd\"><p class=\"uagb-heading-text\">Poznaj struktur\u0119 oraz<\/p><\/div>\n\n\n\n<div class=\"wp-block-uagb-advanced-heading uagb-block-844c382b\"><h1 class=\"uagb-heading-text\">Zarz\u0105d Towarzystwa<\/h1><\/div>\n<\/div>\n<\/div><\/div>\n\n\n\n<div class=\"wp-block-uagb-container uagb-block-gkrlkm4t alignfull uagb-is-root-container\"><div class=\"uagb-container-inner-blocks-wrap\">\n<div class=\"wp-block-uagb-info-box uagb-block-roxmvs3l uagb-infobox__content-wrap  uagb-infobox-icon-above-title uagb-infobox-image-valign-top\"><div class=\"uagb-ifb-content\"><div class=\"uagb-ifb-title-wrap\"><h2 class=\"uagb-ifb-title\">Sk\u0142ad Zarz\u0105du<\/h2><\/div><\/div><\/div>\n\n\n\n<div class=\"wp-block-uagb-container uagb-block-btd4y8nv\">\n<div class=\"wp-block-uagb-container uagb-layout-grid uagb-block-zdogp8zm\">\n<div class=\"wp-block-uagb-image alignleft uagb-block-fgngugzh wp-block-uagb-image--layout-default wp-block-uagb-image--effect-static wp-block-uagb-image--align-left\"><figure class=\"wp-block-uagb-image__figure\"><img decoding=\"async\" srcset=\"https:\/\/www.dtifcwroclaw.pl\/staging\/wp-content\/uploads\/2024\/09\/Michal-Michalski-1024x690.jpg ,https:\/\/www.dtifcwroclaw.pl\/staging\/wp-content\/uploads\/2024\/09\/Michal-Michalski.jpg 780w, https:\/\/www.dtifcwroclaw.pl\/staging\/wp-content\/uploads\/2024\/09\/Michal-Michalski.jpg 360w\" sizes=\"(max-width: 480px) 150px\" src=\"https:\/\/www.dtifcwroclaw.pl\/staging\/wp-content\/uploads\/2024\/09\/Michal-Michalski-1024x690.jpg\" alt=\"\" class=\"uag-image-4081\" width=\"400\" height=\"400\" title=\"Micha\u0142 Michalski\" loading=\"lazy\" role=\"img\"\/><\/figure><\/div>\n\n\n\n<div class=\"wp-block-uagb-info-box uagb-block-ajruylxv uagb-infobox__content-wrap  uagb-infobox-icon-above-title uagb-infobox-image-valign-top\"><div class=\"uagb-ifb-content\"><div class=\"uagb-ifb-title-wrap\"><p class=\"uagb-ifb-title-prefix\">Micha\u0142 michalski<\/p><h3 class=\"uagb-ifb-title\">Prezes Zarz\u0105du<\/h3><\/div><p class=\"uagb-ifb-desc\">Polski pianista, urodzony w 1994 roku we Wroc\u0142awiu, przez ca\u0142\u0105 swoj\u0105 dotychczasow\u0105 karier\u0119 muzyczn\u0105 i naukow\u0105 zwi\u0105zany z miastem rodzinnym. W 2018 roku uko\u0144czy\u0142 z wyr\u00f3\u017cnieniem studia magisterskie w Akademii Muzycznej im. Karola Lipi\u0144skiego we Wroc\u0142awiu. Obecnie kontynuuje dzia\u0142alno\u015b\u0107 naukow\u0105 (przew\u00f3d doktorski) oraz dydaktyczn\u0105 na wydziale instrumentalnym oraz wokalnym wroc\u0142awskiej uczelni. Od 2020 roku prowadzi klas\u0119 fortepianu w OSM I i II st. im. K. Szymanowskiego we Wroc\u0142awiu. Micha\u0142 Michalski dzia\u0142alno\u015b\u0107 artystyczn\u0105 i dydaktyczn\u0105 \u0142\u0105czy z dzia\u0142alno\u015bci\u0105 o charakterze popularyzatorskim \u2013 od 2020 roku kieruje dzia\u0142aniami Dolno\u015bl\u0105skiego Towarzystwa im. Fryderyka Chopina we Wroc\u0142awiu.&nbsp;W tym czasie DTiFC zorganizowa\u0142o ponad 25 wydarze\u0144 artystycznych, w tym koncerty wokalno-instrumentalne, konferencje metodyczne, koncerty laureat\u00f3w konkurs\u00f3w muzycznych, koncerty okoliczno\u015bciowe a od 2023 roku jest organizatorem Festiwalu Dni Hochbergowskie oraz K\u0142odzkiego Konkursu Pianistycznego.<\/p><\/div><\/div>\n<\/div>\n\n\n\n<div class=\"wp-block-uagb-separator uagb-block-hkilrpxz\"><div class=\"wp-block-uagb-separator__inner\" style=\"--my-background-image:\"><\/div><\/div>\n\n\n\n<div class=\"wp-block-uagb-container uagb-layout-grid uagb-block-9494f2f1\">\n<div class=\"wp-block-uagb-image alignleft uagb-block-fc58c170 wp-block-uagb-image--layout-default wp-block-uagb-image--effect-static wp-block-uagb-image--align-left\"><figure class=\"wp-block-uagb-image__figure\"><img decoding=\"async\" srcset=\"https:\/\/www.dtifcwroclaw.pl\/staging\/wp-content\/uploads\/2024\/09\/Kamil-Grabowski-953x1024.jpeg ,https:\/\/www.dtifcwroclaw.pl\/staging\/wp-content\/uploads\/2024\/09\/Kamil-Grabowski.jpeg 780w, https:\/\/www.dtifcwroclaw.pl\/staging\/wp-content\/uploads\/2024\/09\/Kamil-Grabowski.jpeg 360w\" sizes=\"(max-width: 480px) 150px\" src=\"https:\/\/www.dtifcwroclaw.pl\/staging\/wp-content\/uploads\/2024\/09\/Kamil-Grabowski-953x1024.jpeg\" alt=\"\" class=\"uag-image-4080\" width=\"400\" height=\"400\" title=\"Kamil-Grabowski\" loading=\"lazy\" role=\"img\"\/><\/figure><\/div>\n\n\n\n<div class=\"wp-block-uagb-info-box uagb-block-96ecac7a uagb-infobox__content-wrap  uagb-infobox-icon-above-title uagb-infobox-image-valign-top\"><div class=\"uagb-ifb-content\"><div class=\"uagb-ifb-title-wrap\"><p class=\"uagb-ifb-title-prefix\">Kamil Grabowski<\/p><h3 class=\"uagb-ifb-title\">Wiceprezes Zarz\u0105du<\/h3><\/div><p class=\"uagb-ifb-desc\">Jeleniog\u00f3rzanin. Debiutowa\u0142 w 2004 r. w Filharmonii Dolno\u015bl\u0105skiej wykonuj\u0105c wraz z orkiestr\u0105 symfoniczn\u0105 Koncert fortepianowy op. 16 Edwarda Griega. Dyrektor Mi\u0119dzynarodowego Festiwalu \u201eDni Hochbergowskie\u201d, doktor sztuki, artysta plastyk. Uko\u0144czy\u0142 Pa\u0144stwow\u0105 Szko\u0142\u0119 Muzyczn\u0105 I i II st. im. Stanis\u0142awa Moniuszki w Jeleniej G\u00f3rze oraz Liceum Sztuk Plastycznych w Cieplicach \u015al\u0105skich. Studiowa\u0142 na Uniwersytecie Zielonog\u00f3rskim w klasie fortepianu prof. Ryszarda Zimnieckiego. Uko\u0144czy\u0142 Akademi\u0119 Muzyczn\u0105 we Wroc\u0142awiu w klasie fortepianu prof. Grzegorza Kurzy\u0144skiego (studia magisterskie) oraz Akademi\u0119 Muzyczn\u0105 w \u0141odzi w klasie fortepianu prof. Cezarego Saneckiego (studia doktoranckie i doktorat). W 2024 r. wraz z Instytutem im. Jerzego Grotowskiego wyst\u0105pi\u0142 podczas najwi\u0119kszego festiwalu teatr\u00f3w ulicznych na \u015bwiecie Festiwalu Fringe in Edinburgh w Szkocji jako pianista w 17 spektaklach<br>w Seansie teatralnym Studia WACHOWICZ\/FRET pt.: Szeol | \u05d5\u05dc\u05b9\u05d0 \u05b0\u05c1\u05e9<br>W 2021 r. uzyska\u0142 tytu\u0142u \u201eOsobowo\u015b\u0107 Roku 2020\u201d w kategorii Kultura, za ca\u0142okszta\u0142t artystyczny.<br>Od 2020 r. stale wsp\u00f3\u0142pracuje z Filharmoni\u0105 Sudeck\u0105 w Wa\u0142brzychu dokonuj\u0105c r\u00f3wnie\u017c nagra\u0144.<\/p><\/div><\/div>\n<\/div>\n\n\n\n<div class=\"wp-block-uagb-separator uagb-block-7c46b036\"><div class=\"wp-block-uagb-separator__inner\" style=\"--my-background-image:\"><\/div><\/div>\n\n\n\n<div class=\"wp-block-uagb-container uagb-layout-grid uagb-block-zqhz4qm1\">\n<div class=\"wp-block-uagb-image alignleft uagb-block-loyjtzrx wp-block-uagb-image--layout-default wp-block-uagb-image--effect-static wp-block-uagb-image--align-left\"><figure class=\"wp-block-uagb-image__figure\"><img decoding=\"async\" srcset=\"https:\/\/www.dtifcwroclaw.pl\/staging\/wp-content\/uploads\/2024\/09\/MaurycyHuf.jpg ,https:\/\/www.dtifcwroclaw.pl\/staging\/wp-content\/uploads\/2024\/09\/MaurycyHuf.jpg 780w, https:\/\/www.dtifcwroclaw.pl\/staging\/wp-content\/uploads\/2024\/09\/MaurycyHuf.jpg 360w\" sizes=\"(max-width: 480px) 150px\" src=\"https:\/\/www.dtifcwroclaw.pl\/staging\/wp-content\/uploads\/2024\/09\/MaurycyHuf.jpg\" alt=\"\" class=\"uag-image-4254\" width=\"400\" height=\"400\" title=\"MaurycyHuf\" loading=\"lazy\" role=\"img\"\/><\/figure><\/div>\n\n\n\n<div class=\"wp-block-uagb-info-box uagb-block-e245473b uagb-infobox__content-wrap  uagb-infobox-icon-above-title uagb-infobox-image-valign-top\"><div class=\"uagb-ifb-content\"><div class=\"uagb-ifb-title-wrap\"><p class=\"uagb-ifb-title-prefix\">Maurycy Huf<\/p><h3 class=\"uagb-ifb-title\">Skarbnik<\/h3><\/div><p class=\"uagb-ifb-desc\">Uko\u0144czy\u0142 z wyr\u00f3\u017cnieniem Og\u00f3lnokszta\u0142c\u0105c\u0105 Szko\u0142\u0119 Muzyczn\u0105 I i II stopnia im. Karola Szymanowskiego we Wroc\u0142awiu w klasie dr Bogus\u0142awy Por\u0119bskiej. Uko\u0144czy\u0142 r\u00f3wnie\u017c z wyr\u00f3\u017cnieniem Akademi\u0119 Muzyczn\u0105 im. Karola Lipi\u0144skiego we Wroc\u0142awiu w klasie dr. hab. Micha\u0142a Szczepa\u0144skiego. Bra\u0142 udzia\u0142 w krajowych i mi\u0119dzynarodowych kursach mistrzowskich doskonal\u0105c swe umiej\u0119tno\u015bci pod okiem m.in. prof. W\u0142odzimierza Obidowicza, prof. Andrzeja Jasi\u0144skiego, prof. Waldemara Andrzejewskiego, prof. Michaila Markova. Prowadzi\u0142 dzia\u0142alno\u015b\u0107 artystyczn\u0105 z wieloma zespo\u0142ami kameralnymi. Jako solista wyst\u0119powa\u0142 na wielu studenckich festiwalach pianistycznych we Wroc\u0142awiu i Katowicach. W 2015 roku wzi\u0105\u0142 udzia\u0142 w koncercie\u00a0<em>Trampolina M\u0142odych<\/em>\u00a0b\u0119d\u0105cym cz\u0119\u015bci\u0105\u00a0<em>Mi\u0119dzynarodowego Festiwalu Klarnetowego Clarimania<\/em>. W 2016 rozpocz\u0105\u0142 wsp\u00f3\u0142prac\u0119 z\u00a0<em>Narodowym Forum Muzyki<\/em>\u00a0we Wroc\u0142awiu w ramach projektu\u00a0<em>PNChM<\/em>. Od 2016 rozpocz\u0105\u0142 wsp\u00f3\u0142prac\u0119 z\u00a0<em>Dolno\u015bl\u0105skimi Salonami Muzycznymi\u00a0<\/em>z kt\u00f3rymi wykona\u0142 wiele koncert\u00f3w w Polsce i Niemczech. Jest r\u00f3wnie\u017c jednym z koordynator\u00f3w festiwalu\u00a0<em>Europejska Muzyka Kompozytor\u00f3w \u017bydowskich<\/em>. Obecnie pracuje na Akademii Muzycznej im. Karola Lipi\u0144skiego we Wroc\u0142awiu oraz w Og\u00f3lnokszta\u0142c\u0105cej Szkole Muzycznej I i II stopnia im. Karola Szymanowskiego we Wroc\u0142awiu.<\/p><\/div><\/div>\n<\/div>\n\n\n\n<div class=\"wp-block-uagb-separator uagb-block-1oztcs6h\"><div class=\"wp-block-uagb-separator__inner\" style=\"--my-background-image:\"><\/div><\/div>\n\n\n\n<div class=\"wp-block-uagb-container uagb-layout-grid uagb-block-dzbsznlt\">\n<div class=\"wp-block-uagb-image alignleft uagb-block-qnhh8y16 wp-block-uagb-image--layout-default wp-block-uagb-image--effect-static wp-block-uagb-image--align-left\"><figure class=\"wp-block-uagb-image__figure\"><img decoding=\"async\" srcset=\"https:\/\/www.dtifcwroclaw.pl\/staging\/wp-content\/uploads\/2024\/09\/Witold-Kozakowski-1012x1024.jpg ,https:\/\/www.dtifcwroclaw.pl\/staging\/wp-content\/uploads\/2024\/09\/Witold-Kozakowski.jpg 780w, https:\/\/www.dtifcwroclaw.pl\/staging\/wp-content\/uploads\/2024\/09\/Witold-Kozakowski.jpg 360w\" sizes=\"(max-width: 480px) 150px\" src=\"https:\/\/www.dtifcwroclaw.pl\/staging\/wp-content\/uploads\/2024\/09\/Witold-Kozakowski-1012x1024.jpg\" alt=\"\" class=\"uag-image-4082\" width=\"400\" height=\"400\" title=\"Witold Kozakowski\" loading=\"lazy\" role=\"img\"\/><\/figure><\/div>\n\n\n\n<div class=\"wp-block-uagb-info-box uagb-block-908c8f66 uagb-infobox__content-wrap  uagb-infobox-icon-above-title uagb-infobox-image-valign-top\"><div class=\"uagb-ifb-content\"><div class=\"uagb-ifb-title-wrap\"><p class=\"uagb-ifb-title-prefix\">Witold Kozakowski<\/p><h3 class=\"uagb-ifb-title\">Cz\u0142onek Zarz\u0105du<\/h3><\/div><p class=\"uagb-ifb-desc\">Polski muzyk, nauczyciel, wyk\u0142adowca warsztat\u00f3w gitarowych, juror konkurs\u00f3w muzycznych, felietonista i dziennikarz, animator kulturalno-o\u015bwiatowy, organizator wielu przedsi\u0119wzi\u0119\u0107 edukacyjnych i artystycznych. Da\u0142 si\u0119 pozna\u0107 jako sprawny i pomys\u0142owy organizator \u017cycia kulturalnego na ziemi k\u0142odzkiej. By\u0142 przez wiele lat sekretarzem Mi\u0119dzynarodowych Wieczor\u00f3w Muzyki Organowej i Kameralnej w K\u0142odzku. Stworzy\u0142 pracowni\u0119 muzyczn\u0105 w K\u0142odzkim O\u015brodku kultury oraz nale\u017ca\u0142 do inicjator\u00f3w cyklu spotka\u0144 pt. Spotkania Ratuszowe, czyli otwartych spotka\u0144 publiczno\u015bci z artystami, politykami i tw\u00f3rcami kultury. Najwi\u0119kszym jego osi\u0105gni\u0119ciem by\u0142o powo\u0142anie do \u017cycia w 1998 roku K\u0142odzkiego Festiwalu Muzycznego \u201eGitariada\u201d (wcze\u015bniej pod nazw\u0105 K\u0142odzkie Impresje Gitarowe). Aktualnie koncertuje solo oraz w duecie z Agnieszk\u0105 Kozakowsk\u0105. By\u0142 jednym z artyst\u00f3w Wroc\u0142awskiego Festiwalu Gitarowego. Prowadzi o\u017cywion\u0105 dzia\u0142alno\u015b\u0107 pedagogiczn\u0105 w szko\u0142ach muzycznych w Bystrzycy K\u0142odzkiej, K\u0142odzku oraz w Wa\u0142brzychu.<\/p><\/div><\/div>\n<\/div>\n\n\n\n<div class=\"wp-block-uagb-separator uagb-block-z8tabqvd\"><div class=\"wp-block-uagb-separator__inner\" style=\"--my-background-image:\"><\/div><\/div>\n<\/div>\n<\/div><\/div>\n\n\n\n<div class=\"wp-block-uagb-container uagb-block-f632ae23 alignfull uagb-is-root-container\"><div class=\"uagb-container-inner-blocks-wrap\">\n<div class=\"wp-block-uagb-container uagb-block-e50d2884\">\n<div class=\"wp-block-uagb-advanced-heading uagb-block-5a314cf8\"><h6 class=\"uagb-heading-text\">Do\u0142\u0105cz do nas<\/h6><div class=\"uagb-separator\"><\/div><\/div>\n\n\n\n<div class=\"wp-block-uagb-advanced-heading uagb-block-2907153c\"><h5 class=\"uagb-heading-text\">Zapraszamy Ci\u0119 do wsp\u00f3\u0142tworzenia naszej spo\u0142eczno\u015bci. Buduj z nami przestrze\u0144, w kt\u00f3rej m\u0142odzi arty\u015bci mog\u0105 rozwija\u0107 swoje umiej\u0119tno\u015bci, dzieli\u0107 si\u0119 pasj\u0105 i inspirowa\u0107 innych!<\/h5><\/div>\n\n\n\n<div class=\"wp-block-uagb-buttons uagb-buttons__outer-wrap uagb-btn__large-btn uagb-btn-tablet__large-btn uagb-btn-mobile__large-btn uagb-block-87318c4c\"><div class=\"uagb-buttons__wrap uagb-buttons-layout-wrap \">\n<div class=\"wp-block-uagb-buttons-child uagb-buttons__outer-wrap uagb-block-d0dadf31 wp-block-button\"><div class=\"uagb-button__wrapper\"><a class=\"uagb-buttons-repeater wp-block-button__link\" aria-label=\"\" href=\"https:\/\/www.dtifcwroclaw.pl\/staging\/dolacz-do-nas\/\" rel=\"follow noopener\" target=\"_self\" role=\"button\"><div class=\"uagb-button__link\">Do\u0142\u0105cz do nas<\/div><\/a><\/div><\/div>\n<\/div><\/div>\n<\/div>\n<\/div><\/div>\n","protected":false},"excerpt":{"rendered":"<p>Poznaj struktur\u0119 oraz Zarz\u0105d Towarzystwa Do\u0142\u0105cz do nas Zapraszamy Ci\u0119 do wsp\u00f3\u0142tworzenia naszej spo\u0142eczno\u015bci. Buduj z nami przestrze\u0144, w kt\u00f3rej m\u0142odzi arty\u015bci mog\u0105 rozwija\u0107 swoje umiej\u0119tno\u015bci, dzieli\u0107 si\u0119 pasj\u0105 i inspirowa\u0107 innych!<\/p>\n","protected":false},"author":1,"featured_media":0,"parent":0,"menu_order":0,"comment_status":"closed","ping_status":"closed","template":"","meta":{"_eb_attr":"","_uag_custom_page_level_css":"","site-sidebar-layout":"default","site-content-layout":"plain-container","ast-site-content-layout":"normal-width-container","site-content-style":"unboxed","site-sidebar-style":"unboxed","ast-global-header-display":"","ast-banner-title-visibility":"","ast-main-header-display":"","ast-hfb-above-header-display":"","ast-hfb-below-header-display":"","ast-hfb-mobile-header-display":"","site-post-title":"disabled","ast-breadcrumbs-content":"","ast-featured-img":"","footer-sml-layout":"","theme-transparent-header-meta":"enabled","adv-header-id-meta":"","stick-header-meta":"","header-above-stick-meta":"","header-main-stick-meta":"","header-below-stick-meta":"","astra-migrate-meta-layouts":"set","ast-page-background-enabled":"default","ast-page-background-meta":{"desktop":{"background-color":"","background-image":"","background-repeat":"repeat","background-position":"center center","background-size":"auto","background-attachment":"scroll","background-type":"","background-media":"","overlay-type":"","overlay-color":"","overlay-opacity":"","overlay-gradient":""},"tablet":{"background-color":"","background-image":"","background-repeat":"repeat","background-position":"center center","background-size":"auto","background-attachment":"scroll","background-type":"","background-media":"","overlay-type":"","overlay-color":"","overlay-opacity":"","overlay-gradient":""},"mobile":{"background-color":"","background-image":"","background-repeat":"repeat","background-position":"center center","background-size":"auto","background-attachment":"scroll","background-type":"","background-media":"","overlay-type":"","overlay-color":"","overlay-opacity":"","overlay-gradient":""}},"ast-content-background-meta":{"desktop":{"background-color":"var(--ast-global-color-5)","background-image":"","background-repeat":"repeat","background-position":"center center","background-size":"auto","background-attachment":"scroll","background-type":"","background-media":"","overlay-type":"","overlay-color":"","overlay-opacity":"","overlay-gradient":""},"tablet":{"background-color":"var(--ast-global-color-5)","background-image":"","background-repeat":"repeat","background-position":"center center","background-size":"auto","background-attachment":"scroll","background-type":"","background-media":"","overlay-type":"","overlay-color":"","overlay-opacity":"","overlay-gradient":""},"mobile":{"background-color":"var(--ast-global-color-5)","background-image":"","background-repeat":"repeat","background-position":"center center","background-size":"auto","background-attachment":"scroll","background-type":"","background-media":"","overlay-type":"","overlay-color":"","overlay-opacity":"","overlay-gradient":""}},"footnotes":""},"class_list":["post-418","page","type-page","status-publish","hentry"],"uagb_featured_image_src":{"full":false,"thumbnail":false,"medium":false,"medium_large":false,"large":false,"1536x1536":false,"2048x2048":false},"uagb_author_info":{"display_name":"admin","author_link":"https:\/\/www.dtifcwroclaw.pl\/staging\/author\/admin\/"},"uagb_comment_info":0,"uagb_excerpt":"Poznaj struktur\u0119 oraz Zarz\u0105d Towarzystwa Do\u0142\u0105cz do nas Zapraszamy Ci\u0119 do wsp\u00f3\u0142tworzenia naszej spo\u0142eczno\u015bci. Buduj z nami przestrze\u0144, w kt\u00f3rej m\u0142odzi arty\u015bci mog\u0105 rozwija\u0107 swoje umiej\u0119tno\u015bci, dzieli\u0107 si\u0119 pasj\u0105 i inspirowa\u0107 innych!","_links":{"self":[{"href":"https:\/\/www.dtifcwroclaw.pl\/staging\/wp-json\/wp\/v2\/pages\/418"}],"collection":[{"href":"https:\/\/www.dtifcwroclaw.pl\/staging\/wp-json\/wp\/v2\/pages"}],"about":[{"href":"https:\/\/www.dtifcwroclaw.pl\/staging\/wp-json\/wp\/v2\/types\/page"}],"author":[{"embeddable":true,"href":"https:\/\/www.dtifcwroclaw.pl\/staging\/wp-json\/wp\/v2\/users\/1"}],"replies":[{"embeddable":true,"href":"https:\/\/www.dtifcwroclaw.pl\/staging\/wp-json\/wp\/v2\/comments?post=418"}],"version-history":[{"count":72,"href":"https:\/\/www.dtifcwroclaw.pl\/staging\/wp-json\/wp\/v2\/pages\/418\/revisions"}],"predecessor-version":[{"id":4256,"href":"https:\/\/www.dtifcwroclaw.pl\/staging\/wp-json\/wp\/v2\/pages\/418\/revisions\/4256"}],"wp:attachment":[{"href":"https:\/\/www.dtifcwroclaw.pl\/staging\/wp-json\/wp\/v2\/media?parent=418"}],"curies":[{"name":"wp","href":"https:\/\/api.w.org\/{rel}","templated":true}]}}