{"id":357,"date":"2020-08-24T06:54:14","date_gmt":"2020-08-24T06:54:14","guid":{"rendered":"https:\/\/www.dtifcwroclaw.pl\/staging\/about-us\/"},"modified":"2024-09-28T12:41:48","modified_gmt":"2024-09-28T12:41:48","slug":"o-nas","status":"publish","type":"page","link":"https:\/\/www.dtifcwroclaw.pl\/staging\/o-nas\/","title":{"rendered":"DTiFC"},"content":{"rendered":"\n<div class=\"wp-block-uagb-container uagb-block-865c9458 alignfull uagb-is-root-container\"><div class=\"uagb-container-inner-blocks-wrap\">\n<div class=\"wp-block-uagb-container uagb-block-29f2eda7\">\n<div class=\"wp-block-uagb-advanced-heading uagb-block-b24b17bd\"><p class=\"uagb-heading-text\">Kilka s\u0142\u00f3w<\/p><\/div>\n\n\n\n<div class=\"wp-block-uagb-advanced-heading uagb-block-844c382b\"><h1 class=\"uagb-heading-text\">O Misji i Historii<\/h1><\/div>\n<\/div>\n<\/div><\/div>\n\n\n\n<div class=\"wp-block-uagb-container uag-blocks-common-selector uagb-block-2c5f9319 alignfull uagb-is-root-container\"><div class=\"uagb-container-inner-blocks-wrap\">\n<div class=\"wp-block-uagb-container uagb-block-9699b568\">\n<div class=\"wp-block-uagb-advanced-heading uagb-block-d17b5522\"><h3 class=\"uagb-heading-text\">Misja<\/h3><div class=\"uagb-separator\"><\/div><\/div>\n\n\n\n<div class=\"wp-block-uagb-info-box uagb-block-5332d225 uagb-infobox__content-wrap  uagb-infobox-icon-above-title uagb-infobox-image-valign-top\"><div class=\"uagb-ifb-content\"><div class=\"uagb-ifb-title-wrap\"><span class=\"uagb-ifb-title-prefix\">Nasze stowarzyszenie skupia grup\u0119 wspania\u0142ych ludzi, kt\u00f3rzy s\u0105 g\u0142\u0119boko zaanga\u017cowani w rozw\u00f3j artystyczny m\u0142odych, utalentowanych artyst\u00f3w i s\u0105 gotowi po\u015bwi\u0119ci\u0107 kilka chwil swojego \u017cycia na dzia\u0142ania wspieraj\u0105ce ich kariery artystyczne.<\/span><\/div><\/div><\/div>\n<\/div>\n<\/div><\/div>\n\n\n\n<div class=\"wp-block-uagb-container uagb-block-bbb97dca alignfull uagb-is-root-container\"><div class=\"uagb-container-inner-blocks-wrap\">\n<div class=\"wp-block-uagb-container uagb-block-89135127\">\n<div class=\"wp-block-uagb-advanced-heading uagb-block-7ed1491d\"><h2 class=\"uagb-heading-text\">Historia<\/h2><div class=\"uagb-separator\"><\/div><\/div>\n\n\n\n<div class=\"wp-block-uagb-container uagb-block-99a7c662\">\n<div class=\"wp-block-uagb-container uagb-block-49934320\">\n<div class=\"wp-block-uagb-info-box uagb-block-d33421ab uagb-infobox__content-wrap  uagb-infobox-icon-above-title uagb-infobox-image-valign-top\"><div class=\"uagb-ifb-content\"><div class=\"uagb-ifb-title-wrap\"><span class=\"uagb-ifb-title-prefix\">Dolno\u015bl\u0105skie Towarzystwo im. Fryderyka Chopina zosta\u0142o za\u0142o\u017cone w 2011 roku, z potrzeby upami\u0119tnienia najwybitniejszego polskiego kompozytora, Fryderyka Chopina, oraz jego zwi\u0105zk\u00f3w z regionem Dolnego \u015al\u0105ska.<\/span><p class=\"uagb-ifb-title\"><br>Jednym z g\u0142\u00f3wnych cel\u00f3w statutowych dzia\u0142alno\u015bci Towarzystwa jest integracja \u015brodowiska muzycznego Dolnego \u015al\u0105ska oraz wsparcie artystycznie utalentowanej m\u0142odzie\u017cy. Organizujemy wydarzenia, kt\u00f3re przyczyniaj\u0105 si\u0119 do promocji polskiej kultury muzycznej. Stowarzyszenie ma siedzib\u0119 w Klubie Muzyki i Literatury we Wroc\u0142awiu, przy placu Tadeusza Ko\u015bciuszki 10.<\/p><\/div><\/div><\/div>\n<\/div>\n<\/div>\n<\/div>\n<\/div><\/div>\n","protected":false},"excerpt":{"rendered":"<p>Kilka s\u0142\u00f3w O Misji i Historii Misja Historia<\/p>\n","protected":false},"author":1,"featured_media":0,"parent":0,"menu_order":0,"comment_status":"closed","ping_status":"closed","template":"","meta":{"_eb_attr":"","_uag_custom_page_level_css":"","site-sidebar-layout":"default","site-content-layout":"plain-container","ast-site-content-layout":"normal-width-container","site-content-style":"unboxed","site-sidebar-style":"unboxed","ast-global-header-display":"","ast-banner-title-visibility":"","ast-main-header-display":"","ast-hfb-above-header-display":"","ast-hfb-below-header-display":"","ast-hfb-mobile-header-display":"","site-post-title":"disabled","ast-breadcrumbs-content":"","ast-featured-img":"","footer-sml-layout":"","theme-transparent-header-meta":"enabled","adv-header-id-meta":"","stick-header-meta":"","header-above-stick-meta":"","header-main-stick-meta":"","header-below-stick-meta":"","astra-migrate-meta-layouts":"set","ast-page-background-enabled":"default","ast-page-background-meta":{"desktop":{"background-color":"","background-image":"","background-repeat":"repeat","background-position":"center center","background-size":"auto","background-attachment":"scroll","background-type":"","background-media":"","overlay-type":"","overlay-color":"","overlay-opacity":"","overlay-gradient":""},"tablet":{"background-color":"","background-image":"","background-repeat":"repeat","background-position":"center center","background-size":"auto","background-attachment":"scroll","background-type":"","background-media":"","overlay-type":"","overlay-color":"","overlay-opacity":"","overlay-gradient":""},"mobile":{"background-color":"","background-image":"","background-repeat":"repeat","background-position":"center center","background-size":"auto","background-attachment":"scroll","background-type":"","background-media":"","overlay-type":"","overlay-color":"","overlay-opacity":"","overlay-gradient":""}},"ast-content-background-meta":{"desktop":{"background-color":"var(--ast-global-color-5)","background-image":"","background-repeat":"repeat","background-position":"center center","background-size":"auto","background-attachment":"scroll","background-type":"","background-media":"","overlay-type":"","overlay-color":"","overlay-opacity":"","overlay-gradient":""},"tablet":{"background-color":"var(--ast-global-color-5)","background-image":"","background-repeat":"repeat","background-position":"center center","background-size":"auto","background-attachment":"scroll","background-type":"","background-media":"","overlay-type":"","overlay-color":"","overlay-opacity":"","overlay-gradient":""},"mobile":{"background-color":"var(--ast-global-color-5)","background-image":"","background-repeat":"repeat","background-position":"center center","background-size":"auto","background-attachment":"scroll","background-type":"","background-media":"","overlay-type":"","overlay-color":"","overlay-opacity":"","overlay-gradient":""}},"footnotes":""},"class_list":["post-357","page","type-page","status-publish","hentry"],"uagb_featured_image_src":{"full":false,"thumbnail":false,"medium":false,"medium_large":false,"large":false,"1536x1536":false,"2048x2048":false},"uagb_author_info":{"display_name":"admin","author_link":"https:\/\/www.dtifcwroclaw.pl\/staging\/author\/admin\/"},"uagb_comment_info":0,"uagb_excerpt":"Kilka s\u0142\u00f3w O Misji i Historii Misja Historia","_links":{"self":[{"href":"https:\/\/www.dtifcwroclaw.pl\/staging\/wp-json\/wp\/v2\/pages\/357"}],"collection":[{"href":"https:\/\/www.dtifcwroclaw.pl\/staging\/wp-json\/wp\/v2\/pages"}],"about":[{"href":"https:\/\/www.dtifcwroclaw.pl\/staging\/wp-json\/wp\/v2\/types\/page"}],"author":[{"embeddable":true,"href":"https:\/\/www.dtifcwroclaw.pl\/staging\/wp-json\/wp\/v2\/users\/1"}],"replies":[{"embeddable":true,"href":"https:\/\/www.dtifcwroclaw.pl\/staging\/wp-json\/wp\/v2\/comments?post=357"}],"version-history":[{"count":114,"href":"https:\/\/www.dtifcwroclaw.pl\/staging\/wp-json\/wp\/v2\/pages\/357\/revisions"}],"predecessor-version":[{"id":4302,"href":"https:\/\/www.dtifcwroclaw.pl\/staging\/wp-json\/wp\/v2\/pages\/357\/revisions\/4302"}],"wp:attachment":[{"href":"https:\/\/www.dtifcwroclaw.pl\/staging\/wp-json\/wp\/v2\/media?parent=357"}],"curies":[{"name":"wp","href":"https:\/\/api.w.org\/{rel}","templated":true}]}}